-- phpMyAdmin SQL Dump
-- version 4.1.12
-- http://www.phpmyadmin.net
--
-- Servidor: localhost
-- Tiempo de generación: 21-08-2014 a las 05:26:39
-- Versión del servidor: 5.5.36
-- Versión de PHP: 5.4.27

SET SQL_MODE = "NO_AUTO_VALUE_ON_ZERO";
SET time_zone = "+00:00";


/*!40101 SET @OLD_CHARACTER_SET_CLIENT=@@CHARACTER_SET_CLIENT */;
/*!40101 SET @OLD_CHARACTER_SET_RESULTS=@@CHARACTER_SET_RESULTS */;
/*!40101 SET @OLD_COLLATION_CONNECTION=@@COLLATION_CONNECTION */;
/*!40101 SET NAMES utf8 */;

--
-- Base de datos: `escomontt`
--

-- --------------------------------------------------------

--
-- Estructura de tabla para la tabla `t_licencia_contenidos`
--

DROP TABLE IF EXISTS `t_licencia_contenidos`;
CREATE TABLE IF NOT EXISTS `t_licencia_contenidos` (
  `id` int(11) NOT NULL AUTO_INCREMENT,
  `nombre` varchar(200) NOT NULL,
  `id_modulo` int(11) NOT NULL,
  PRIMARY KEY (`id`)
) ENGINE=InnoDB  DEFAULT CHARSET=latin1 AUTO_INCREMENT=82 ;

--
-- Volcado de datos para la tabla `t_licencia_contenidos`
--

INSERT INTO `t_licencia_contenidos` (`id`, `nombre`, `id_modulo`) VALUES
(1, 'Ambito territorial de la aplicación de la ley del transito. A quienes se aplica la ley Origenes de la ley Terminología vial De lo conductores y de las licencias', 1),
(2, 'De la enseñanza y de las normas de transito y\r\nescuela de conductores.\r\nDel dominio y registro de vehículos motorizados\r\nDe la patente única y certificado de inscripción\r\nDe la patente extranjera, dis', 1),
(3, 'De las condiciones técnicas de la carga, de las medidas de seguridad y de las distintivos y colores de ciertos vehículos Del transporte público de pasajeros y de los pasajeros de vehículos de locomoci', 1),
(4, 'De los virajes y señales de advertencia. Derecho preferente de paso. De la velocidad.\r\nDel estacionamiento y detención De las Disposiciones generales sobre el uso de las      vías. De la responsabilid', 1),
(5, 'Legislacion sobre transporte remunerado de  Pasajeros.\r\nCaracteristicas estructurales de los vehículos y Accesorios.\r\n\r\nSeguro obligatorio que cubre accidentes personales.\r\nRevisiones tecnicas y conta', 2),
(6, 'Legislacion general para el transporte de carga. Legislacion para el transporte de cargas especificas. Legislacion sobre transporte terrestre internacional. (Dcto. 257/ 5-3-91)\r\nLegislacion relacionad', 3),
(7, '(Dcto. Nº 12 del 02-03-85 D/O 10-06-85\r\nLegislación relacionada con el transporte de gas\r\nlicuado (Dcto. 029-21-01-86 D/O 06-12-86)\r\nDe los vehículos y su equipamiento.\r\nDe las personas que participan', 3),
(8, 'Infraestructura vial, su uso, y aprovechamiento.\r\nAdministracion o gestion de transito. Jerarquizacion de las vias.\r\nArea rural y area urbana.  Red vial básica.  Red vial comunal.\r\n\r\n', 4),
(9, 'Medidas reguladoras de transito.  Tipos de pavimentos y calzadas.\r\nInspecciones de calles y caminos.  Elementos que componen una via.\r\nTipos de pavimentos  Recomendaciones para conducir en los diferen', 4),
(10, 'Diseño geográfico de las vías.\r\nTerminales para servicios de locomoción urbana.\r\nControles de protección de la infraestructura.\r\nLectura de mapas, carta y planos.\r\n Evaluación\r\n', 4),
(11, 'Conduccion de vehiculos en areas montañosas.\r\nUso de marchas en pendientes y gradientes.\r\nEl frio y los vehiculos.\r\nCinturon de seguridad.\r\nAcuñamiento de ruedas en vehiculos de transporte.\r\nCombate y', 5),
(12, 'Triangulo de fuego.\r\nTipos de extintores.\r\n \r\nClases de fuego \r\nComponentes del extintor.\r\nOperación de extintores de diferentes tipos.\r\n', 5),
(13, 'Métodos de extinción.\r\nCausas de incendios.\r\nPrevención de incendios.\r\n \r\n\r\n Evaluación\r\n', 5),
(14, 'Factores que afectan la conduccion defensiva.\r\nLos mas importantes:\r\n1) Riesgos provocados por el clima.\r\n2) Riesgos derivados de la visibilidad.\r\n3) Riesgos de la via.\r\n4) Riesgos derivados del vehíc', 6),
(15, 'Tecnicas preventivas generales.\r\nDistancia de: reaccion, frenado y detencion.\r\nAplicación de calculos en las diferentes etapas\r\nacorde con la velocidad, condiciones meteorologicas y\r\nde la via.\r\nDifer', 6),
(16, 'El motor a gasolina.  \r\nEl conjunto movil.\r\n', 7),
(17, 'Sistema de distribucion\r\nSistema de alimentacion\r\n', 7),
(18, 'Sistema de lubricacion\r\nSistema de alimentacion electronica\r\nSistema de encendido\r\n', 7),
(19, 'Sistema  de transmision  \r\nSistema de frenado \r\nSistema  de Suspensión \r\nChasis  y sus Partes \r\n', 7),
(20, 'El motor Diesel,\r\n Comparacion entre motor  diesel y \r\nel motor  a gasolina \r\nSistema de inyeccion, bomba  inyectora \r\nBujia  Incandescente \r\nExamen Final.', 7),
(21, 'Generalidades, signos vitales.\r\nMaterial de apoyo: transparencias\r\n', 8),
(22, 'Lesiones del sistema circulatorio.\r\nManejo de hemorragia.\r\nInfarto, paro cardiaco, RCP.\r\n', 8),
(23, 'Lesiones sistema musculo\r\n-esqueletico \r\nFracturas,inmovilizaciones ,tec\r\nExposicion  de video  y transparente \r\n', 8),
(24, 'Heridas.\r\nQuemaduras.\r\nAsfixia.\r\n', 8),
(25, 'Convulsiones.\r\n\r\nEvaluación final.\r\n', 8),
(26, 'Sentido del trabajo. Def. de trabajo.\r\nPorque trabajamos, pirámide de necesidades de\r\n', 9),
(27, 'Maslow.\r\nCapacidad de trabajar.\r\nDef. De comunicación.\r\n', 9),
(28, 'Funciones de la comunicación.\r\nProceso de comunicación.\r\nClase expositiva, análisis de guía, trabajo en grupo.\r\n', 9),
(29, 'Dramatización subcuento del trabajo.', 9),
(30, 'Repaso clase anterior.\r\nBarreras de la comunicación.\r\nMedidas para superas las barreras de comunicación.\r\nSugerencias para escuchar adecuadamente.\r\n', 9),
(31, 'Def. de conflicto.\r\nTipos de conflicto.\r\nComo se puede solucionar un conflicto.\r\n', 9),
(32, 'Análisis de guía.\r\nClase Expositiva.\r\nEvaluación final.\r\n', 9),
(33, 'Def. de alcoholismo.\r\nClasificación de drogas.\r\nGramos de alcohol, examen de sangre con penalidad.\r\nSanciones bajo los efectos del alcohol y en estado de\r\nebriedad.\r\nTiempo de racción del OH en la san', 10),
(34, 'demora en salir del organismo.\r\nDef. de drogas.\r\nTipos de drogas y sus efectos.\r\nLos efectos de las drogas en al conducción.\r\n', 10),
(35, 'Análisis de historias de consumo y asumo de OH y \r\ndrogas.\r\nTrabajo grupal.\r\nExamen final.\r\n', 10),
(36, 'Las actitudes son la clave del éxito.\r\nPercepciones del cliente al contactarse con nuestros\r\nservicios.\r\n\r\nComunicación verbal y no verbal\r\nCuidado e imagen personal.\r\nLas necesidades del cliente.\r\nVe', 11),
(37, 'Revisión del vehículo antes del inicio de la\r\nconducción en aspectos tales como: aceite, liquido re-\r\nfrigerante y anticongelante si corresponde, niveles de\r\n', 12),
(38, 'Aceite, liquido de frenos.\r\nFuncionamiento adecuado de elementos accesorios\r\ncomo limpiaparabrisas, luces en general y neumáticos con las libras adecuadas.\r\n', 12),
(39, 'Correcto uso de pistas, conocimientos de leyes que\r\nrigen el movimiento del vehículo (leyes físicas), como\r\nfuerzas trifuga, energía cinética, cuadripulación de\r\nenergía, cuando se aumenta al doble la', 12),
(40, '¿Qué ocurre con los diferentes tipos de pavimentos\r\nante una frenada violenta?\r\nAnte una frenada de emergencia ¿Cómo reacciona\r\nun vehículo con motor trasero, de acuerdo a las leyes\r\nfísicas.\r\n', 12),
(41, 'Presentación y revisión del vehículo antes del inicio\r\nde la práctica.\r\nPuesta en marcha.\r\n', 13),
(42, 'Arranques en tramos reducidos.\r\nVirajes en general y en vías reducidas.\r\nDetenciones y partidas en gradientes y pendientes.\r\n', 13),
(43, 'Enganches del vehículo.\r\nEstacionamientos, los diferentes tipos como: de\r\nfrente, en paralelo, entre dos vehículos, en pendientes,\r\ngradientes, etc.\r\nRetrocesos.\r\nVelocidades y tolerancias.\r\n', 13),
(44, 'Adelantamientos y sobrepasos.\r\nConducta vial de los conductores.\r\n', 13),
(45, 'Def. de un adecuado servicio al cliente.\r\nEtiquetas y clasificación que realizamos los\r\nhumanos.\r\n\r\n', 14),
(46, 'Análisis de tipos de clientes con dramatización.\r\nClase expositiva.\r\nTipos de clientes comunes.', 14),
(47, 'Código del buen servicio.\r\nActitudes que fomentan la autoestima.\r\nComo mantener un contacto profesional.', 14),
(48, 'La persona en el trabajo.\r\nRelaciones interpersonales.\r\n\r\nEvaluación final\r\n', 14),
(49, 'Características principales de las diversas etapas del\r\ndesarrollo  humano.\r\nEdad optima en cuanto a capacidades físicas y\r\npsicológicas para la conducción.', 15),
(50, 'Patrones emocionales frecuentes en los niños.\r\nInteracción adulto adolecente.\r\nDisciplina y reglas.\r\n', 15),
(51, 'Exposición teórica.\r\n\r\nTrabajo grupal.\r\n\r\n\r\n\r\nPrueba final', 15),
(52, 'Def. de estrés.\r\nSíntomas del estrés.\r\nEstilos de apartamiento.\r\n\r\n', 16),
(53, 'Clase expositiva.\r\nAnálisis de Sit, del estrés dentro de los alumnos.\r\nEjercicios prácticos para controlar el estrés\r\n.\r\n', 16),
(54, 'Efectos de la fatiga en la conducción.\r\n\r\nMedidas de prevención de alteraciones físicas y \r\npsíquicas.\r\n', 16),
(55, 'Evaluación final.', 16),
(56, 'Conceptos básicos de la física mecánica.\r\nCentro de gravedad, peso, masa, inercia de un\r\ncuerpo, fuerza, acción y reacción\r\n', 17),
(57, 'La carga en las carrocerías y las medidas de \r\nseguridad.\r\nDiferentes tipos de carrocerías.\r\n', 17),
(58, 'Simbología de la carga.\r\nElementos de apoyo para cargar camiones.\r\nLa fuerza del hombre en relación a la carga.\r\n', 17),
(59, 'Carga y estiba de un camión.\r\nLeyes que rigen la carga transportada.\r\n', 17),
(60, 'Normas de sobre emisión de vehículos motorizados.\r\nLey Nº 18.676, Art. 3º\r\nLimites máximos de contaminantes.\r\n', 18),
(61, 'Daño ambiental.\r\nContaminación ambiental.\r\nAutoridad en materia ambiental en general.\r\n', 18),
(62, 'Quien fija las normas de emisión en los vehículos\r\nmotorizados.\r\nDe la fiscalización.\r\n', 18),
(63, 'Material de apoyo: video sobre contaminación.\r\nEvaluación final.\r\n', 18),
(64, 'Del contrato individual de trabajo y capacitación.\r\nDel reglamento interno.\r\nDe la terminación del contrato de trabajo y la Estabilidad en el empleo.\r\n', 19),
(65, 'De la jornada de trabajo.\r\nHoras extraordinarias.\r\n', 19),
(66, 'Desanso dentro de la jornada de trabajo. \r\nDescanso semanal.\r\nDe las remuneraciones.\r\n', 19),
(67, 'De la protección de las remuneraciones.\r\nDel feriado anual y de los permisos.\r\n', 19),
(68, 'EVALUACION', 19),
(70, 'Nociones sobre la reforma procesal penal.\r\nPoder judicial: jueces de garantía y tribunal de\r\njuicio oral en lo penal.\r\n', 20),
(71, 'a) Ministerio publico = Fiscal a cargo.\r\nb) Defensoria penal publica = Defensores.\r\nDe la responsabilidad de los delitos, cuasidelitos y\r\nfaltas cometidas por las personas.\r\n', 20),
(72, 'De las penas y su clasificación.\r\nDe las penas y otras asesorias.\r\nDe la acción pública y civil en los accidentes.\r\n\r\n\r\n\r\nEVALUACION\r\n', 20),
(73, '1) Agudeza visual: con visión de 0.8 o mas en ambos\r\nojos.\r\n2) Perimetría: campo visual superior a 7.0 grados para\r\ncada ojo.', 21),
(74, '3) Visión de profundidad. 4 aciertos en 5 pruebas al\r\nVisualiaziar objetos desplazados en un mismo plano\r\nhorizontal.\r\n4) Vision Nocturna: capacidad para distinguir figuras\r\n', 21),
(75, '5) Encandilamiento: capacidad para distinguir figuras\r\ncon valores de 45 o menos candelas.\r\n6) Recuperación al Encandilamiento: Máximo 5 seg.\r\n', 21),
(76, '7) Visión de colores: reconecer los colores rojo, verde\r\ny amarillo.\r\n8) Audiometría: audición mínima a 40 decibeles 8 (db)\r\n', 21),
(77, 'Presentación y revisión del vehículo antes del inicio\r\nde la práctica.\r\nPuesta en marcha.\r\n', 22),
(78, 'Arranques en tramos reducidos.\r\nVirajes en general y en vías reducidas.\r\nDetenciones y partidas en gradientes y pendientes.\r\n', 22),
(79, 'Enganches del vehículo.\r\nEstacionamientos, los diferentes tipos como: de\r\nfrente, en paralelo, entre dos vehículos, en pendientes,gradientes, etc.\r\n\r\n', 22),
(80, 'Retrocesos.\r\nVelocidades y tolerancias.\r\n', 22),
(81, 'Adelantamientos y sobrepasos.\r\nConducta vial de los conductores.\r\n', 22);

-- --------------------------------------------------------

--
-- Estructura de tabla para la tabla `t_licencia_contenidos_impartidos`
--

DROP TABLE IF EXISTS `t_licencia_contenidos_impartidos`;
CREATE TABLE IF NOT EXISTS `t_licencia_contenidos_impartidos` (
  `id` int(11) NOT NULL AUTO_INCREMENT,
  `id_contenido` int(11) NOT NULL,
  `id_curso` int(11) NOT NULL,
  `fecha` date NOT NULL,
  `horas` int(11) NOT NULL,
  `fecha2` date NOT NULL,
  `horas2` int(11) NOT NULL,
  `id_recepcionista` int(11) NOT NULL,
  `id_recepcionista2` int(11) NOT NULL,
  PRIMARY KEY (`id`)
) ENGINE=InnoDB  DEFAULT CHARSET=latin1 AUTO_INCREMENT=111 ;

--
-- Volcado de datos para la tabla `t_licencia_contenidos_impartidos`
--

INSERT INTO `t_licencia_contenidos_impartidos` (`id`, `id_contenido`, `id_curso`, `fecha`, `horas`, `fecha2`, `horas2`, `id_recepcionista`, `id_recepcionista2`) VALUES
(14, 1, 230, '2014-01-01', 1, '0000-00-00', 0, 1, 0),
(15, 2, 230, '2014-01-01', 1, '0000-00-00', 0, 1, 0),
(16, 3, 230, '2014-01-01', 1, '0000-00-00', 0, 1, 0),
(17, 4, 230, '2014-01-01', 1, '0000-00-00', 0, 1, 0),
(18, 5, 230, '2014-01-01', 1, '0000-00-00', 0, 1, 0),
(19, 6, 230, '2014-01-01', 1, '0000-00-00', 0, 1, 0),
(20, 7, 230, '2014-01-01', 1, '0000-00-00', 0, 1, 0),
(65, 45, 231, '2014-01-01', 1, '0000-00-00', 0, 1, 0),
(66, 46, 231, '2014-01-01', 1, '0000-00-00', 0, 1, 0),
(67, 47, 231, '2014-01-01', 1, '0000-00-00', 0, 1, 0),
(68, 48, 231, '2014-01-01', 1, '0000-00-00', 0, 1, 0),
(72, 49, 231, '2014-01-01', 1, '0000-00-00', 0, 1, 0),
(73, 50, 231, '2014-01-01', 1, '0000-00-00', 0, 1, 0),
(74, 51, 231, '2014-01-01', 1, '0000-00-00', 0, 1, 0),
(75, 52, 231, '2014-01-01', 1, '0000-00-00', 0, 1, 0),
(76, 53, 231, '2014-01-01', 1, '0000-00-00', 0, 1, 0),
(77, 54, 231, '2014-01-01', 1, '0000-00-00', 0, 1, 0),
(78, 55, 231, '2014-01-01', 1, '0000-00-00', 0, 1, 0),
(79, 8, 230, '2014-01-01', 1, '0000-00-00', 0, 1, 0),
(80, 9, 230, '2014-01-01', 1, '0000-00-00', 0, 1, 0),
(81, 10, 230, '2014-01-01', 1, '0000-00-00', 0, 1, 0),
(82, 11, 230, '2014-01-01', 1, '0000-00-00', 0, 1, 0),
(83, 56, 231, '2014-01-01', 1, '0000-00-00', 0, 1, 0),
(84, 57, 231, '2014-01-01', 1, '0000-00-00', 0, 1, 0),
(85, 58, 231, '2014-01-01', 1, '0000-00-00', 0, 1, 0),
(86, 59, 231, '2014-01-01', 1, '0000-00-00', 0, 1, 0),
(87, 12, 230, '2014-01-01', 1, '0000-00-00', 0, 1, 0),
(89, 13, 230, '2014-01-01', 1, '0000-00-00', 0, 1, 0),
(90, 60, 231, '2014-01-01', 1, '0000-00-00', 0, 1, 0),
(91, 61, 231, '2014-01-01', 1, '0000-00-00', 0, 1, 0),
(92, 62, 231, '2014-01-01', 1, '0000-00-00', 0, 1, 0),
(93, 63, 231, '2014-01-01', 1, '0000-00-00', 0, 1, 0),
(94, 64, 231, '2014-01-01', 1, '0000-00-00', 0, 1, 0),
(95, 65, 231, '2014-01-01', 1, '0000-00-00', 0, 1, 0),
(96, 66, 231, '2014-01-01', 1, '0000-00-00', 0, 1, 0),
(97, 67, 231, '2014-01-01', 1, '0000-00-00', 0, 1, 0),
(98, 68, 231, '2014-01-01', 1, '0000-00-00', 0, 1, 0),
(99, 70, 231, '2014-01-01', 1, '0000-00-00', 0, 1, 0),
(100, 71, 231, '2014-01-01', 1, '0000-00-00', 0, 1, 0),
(101, 72, 231, '2014-01-01', 1, '0000-00-00', 0, 1, 0),
(102, 73, 231, '2014-01-01', 1, '0000-00-00', 0, 1, 0),
(103, 74, 231, '2014-01-01', 1, '0000-00-00', 0, 1, 0),
(104, 75, 231, '2014-01-01', 1, '0000-00-00', 0, 1, 0),
(105, 76, 231, '2014-01-01', 1, '0000-00-00', 0, 1, 0),
(106, 77, 231, '2014-01-01', 1, '0000-00-00', 0, 1, 0),
(107, 78, 231, '2014-01-01', 1, '0000-00-00', 0, 1, 0),
(108, 79, 231, '2014-01-01', 1, '0000-00-00', 0, 1, 0),
(109, 80, 231, '2014-01-01', 1, '0000-00-00', 0, 1, 0),
(110, 81, 231, '2014-01-01', 1, '0000-00-00', 0, 1, 0);

-- --------------------------------------------------------

--
-- Estructura de tabla para la tabla `t_licencia_modulos`
--

DROP TABLE IF EXISTS `t_licencia_modulos`;
CREATE TABLE IF NOT EXISTS `t_licencia_modulos` (
  `id` int(11) NOT NULL AUTO_INCREMENT,
  `nombre` varchar(200) NOT NULL,
  `nombrefull` varchar(200) NOT NULL,
  `id_tipo_curso` int(11) NOT NULL,
  PRIMARY KEY (`id`)
) ENGINE=InnoDB  DEFAULT CHARSET=latin1 AUTO_INCREMENT=24 ;

--
-- Volcado de datos para la tabla `t_licencia_modulos`
--

INSERT INTO `t_licencia_modulos` (`id`, `nombre`, `nombrefull`, `id_tipo_curso`) VALUES
(1, 'Ley Transito', 'LEY DE TRANSITO', 4),
(2, 'T.Pasajeros', 'TRANSPORTE DE PASAJEROS', 4),
(3, 'T.Carga', 'TRANSPORTE DE CARGA', 4),
(4, 'Inf.Vial', 'INFRAESTRUCTURA VIAL', 4),
(5, 'N.Seguridad', 'NORMAS DE SEGURIDAD', 4),
(6, 'M.Defensivo', 'MANEJO DEFENSIVO', 4),
(7, 'Mec.Básica', 'MECANICA BASICA', 4),
(8, 'Pri.Aux', 'PRIMEROS AUXILIOS', 4),
(9, 'Rel.Human', 'RELACIONES HUMANAS', 4),
(10, 'Resp.Social', 'RESPONSABILIDAD SOCIAL', 4),
(11, 'Img.Prof.', 'IMAGEN PROFESIONAL', 4),
(12, 'Teor.Conducc.', 'TEORIA DE LA CONDUCCIÓN', 4),
(13, 'Prac.Conduc.', 'PRACTICA DE CONDUCCION', 4),
(14, 'At.Cliente', 'ATENCIÓN AL CLIENTE', 7),
(15, 'Psi.Evol', 'PSICOLOGÍA EVOLUTIVA', 7),
(16, 'M.Estrés', 'MANEJO DEL ESTRÉS', 7),
(17, 'Carga.Estrib.Camiones', 'CARGA Y ESTRIBA DE CAMIONES', 7),
(18, 'Ley.M.Ambiente', 'LEY DEL MEDIO AMBIENTE', 7),
(19, 'Leg.Laboral', 'LEGISLACIÓN LABORAL', 7),
(20, 'Resp.Civil.Penal', 'RESPONSABILIDAD CIVIL Y  PENAL', 7),
(21, 'Ex.Sensometricos', 'EXAMENES SENSOMETRICOS\r\nY SICOMETRICOS.\r\n', 7),
(22, 'Practica Conduc.', 'PRACTICA DE CONDUCCION', 7);

/*!40101 SET CHARACTER_SET_CLIENT=@OLD_CHARACTER_SET_CLIENT */;
/*!40101 SET CHARACTER_SET_RESULTS=@OLD_CHARACTER_SET_RESULTS */;
/*!40101 SET COLLATION_CONNECTION=@OLD_COLLATION_CONNECTION */;
